- 7/24*l**4. Is d(16) a prime number?
False
Let z be 5*(56/40 + (-2)/(-10)). Suppose -z*a + 57820 = -28908. Is a composite?
True
Let l(y) = y**2 + 13*y - 54. Let d be l(-17). Suppose -38*f + d*f = -229776. Is f prime?
False
Suppose -5*f - 4*t = -19979, -1648*t - 3973 = -f - 1645*t. Is f composite?
True
Let f be 295005/6*(-10)/(-25). Suppose -29*d + 16931 = -f. Is d prime?
False
Let z = 204105 + -115816. Is z a composite number?
False
Suppose 0 = -7*r + 4*r + 9. Suppose -3*p - 654 = r*v, 2*v - p + 887 = -2*v. Let u = 366 + v. Is u a prime number?
False
Suppose 0 = 9*t - 4 - 23. Suppose -3*z + 13 = d, 0 = 5*z - t*d - 16 - 1. Suppose 12*y = s + 7*y - 228, -z*y - 629 = -3*s. Is s composite?
True
Let a = 1084870 - 615861. Is a prime?
True
Is 13988 + (-1 - 28/14) prime?
False
Suppose 0 = 24*t - 27*t + 57. Suppose -t*d + 16*d + 12 = 0. Is -3 - -4 - -18 - d prime?
False
Let m = 4477 + 5002. Suppose 5*b - 15800 = -3*h, 3*b + 2*h = -0*h + m. Is b composite?
False
Let l(t) = -5*t - 52. Let r be l(-7). Is ((-14)/(-12))/(r/(-669426)) composite?
True
Suppose 0 = -l - i - 2*i + 29466, -i = 3*l - 88374. Is (-2*(-7)/42)/(3/l) composite?
True
Suppose 4*d = -5*q - 37, 17*d + q = 14*d - 14. Let j be 66/12 - (-1)/2. Is (-1 - d)/(1*j/1353) composite?
True
Let k be (-2)/6*(-27)/9. Let b be 0 + (2 - k) + 2. Suppose 2*u + 3*l = 1169, -2901 = -4*u + b*l - 572. Is u a composite number?
True
Suppose -y + 5*y + 3*m - 608 = 0, 5*y = 3*m + 733. Is y*31 - (-20)/10 a prime number?
True
Let l(c) = 46*c - 227. Let z be l(5). Let n(w) = 1071*w - 22. Is n(z) a prime number?
True
Let i be (6/(-26))/((-22)/286). Suppose -t = i, 2*n - 2*t + 2725 = 15849. Is n a composite number?
True
Let y(b) = -b**3 + 24*b**2 - 43*b + 63. Let h(j) = -j**3 + 23*j**2 - 42*j + 62. Let m(i) = 2*h(i) - 3*y(i). Is m(29) prime?
False
Suppose 5*f - 24 = 1. Suppose f*d - 1360 = 230. Let p = 457 - d. Is p composite?
False
Let b = 180524 - 17323. Is b composite?
True
Let w(q) = q**3 + 8*q**2 - 7*q + 19. Let p be w(-9). Let k be (0/p)/(3/(-3) - 0). Let n = k + 115. Is n a prime number?
False
Let u(p) = 220*p + 1. Let m be u(-2). Let n = -194 - m. Is 5 + -2 + n - -3 composite?
False
Let w(f) = -f**2 + 8*f + 4. Let c be w(9). Let n(k) = -19*k**3 + 10*k**2 + 16*k - 2. Is n(c) prime?
True
Let d be (8409/(-12))/((-5)/20). Let i = d - -8608. Is i a composite number?
False
Let w(m) = m**3 + 3*m**2 - 6*m - 3. Let u be w(2). Is (618/u)/(24/60) a prime number?
False
Let u = 295 + -245. Suppose u*w = 61*w - 384043. Is w composite?
False
Let r be (-7 + -2)*20/(-6). Let v be (-26127)/(-6) + r/(-20). Let q = v - 2722. Is q composite?
True
Let g(b) = -24 + 8*b - 4*b + 18*b**2 + 25. Is g(7) a prime number?
True
Suppose 4*y = 174353 + 42607. Suppose 5*p = -5*b + y, -b + 12380 = -4*p + 1537. Is b prime?
True
Let p(h) = 147*h**3 - 11*h**2 + 7*h - 19. Is p(6) a prime number?
True
Let o(l) = 227*l**3 + 11*l**2 + 2*l - 8. Let a(w) = 225*w**3 + 11*w**2 + w - 6. Let k(z) = -3*a(z) + 4*o(z). Is k(5) a composite number?
False
Let x = 193610 - 11553. Is x composite?
False
Suppose -5*q + 84594 - 14134 = 0. Suppose 23435 = 7*y - q. Is y prime?
False
Let p = -480897 - -832210. Is p prime?
False
Let b(l) = 1394*l + 2800. Is b(23) a prime number?
False
Let s be (-2)/8 + (-14)/((-112)/474). Let x = s - 0. Is x a prime number?
True
Let u = 24 + -13. Suppose u*x - 4 = 9*x. Suppose -3*l - x*l + 2935 = 0. Is l composite?
False
Suppose 64*w - 2149749 = 2529995. Is w prime?
True
Let l(q) = 256*q**3 + 5*q**2 - 6*q + 6. Let d be l(4). Suppose 221*h - 355 = 182 + 126. Suppose d = 3*n + h*n. Is n composite?
False
Suppose -2*h - 25722 = -5*c, -3*h - 64324 = 2*h - 3*c. Let k = 3840 - h. Is k a prime number?
False
Let c be 3 + 7/(28/(-64)). Let y(i) = 2*i**2 + 28*i + 10. Let q be y(c). Is (q - -2)/((-4)/1198) composite?
True
Let w = 476 + -471. Let t be 116/8 - 3/(-2). Suppose t*h = w*h + 27533. Is h a prime number?
True
Suppose -2*v - 4*c + 8 = 0, 3*v - 2 = -2*c + 6. Suppose -x = -v*o + 1, 0*x = 3*o + 5*x - 34. Suppose -o*h + 934 = -293. Is h a composite number?
False
Let h(b) = 87*b**2 - 2*b. Let r = 54 + -75. Let a be (-7)/((-98)/(-6)) - (-12)/r. Is h(a) a prime number?
True
Let h(o) = 117*o**2 + 6*o - 1. Suppose 10 = -23*k + 24*k. Suppose k - 26 = -8*m. Is h(m) a prime number?
True
Let a = -2 - -2. Let d be 2296/32*(a - -44). Suppose -h = -5*k + 3156, -3*h = 5*k - 5*h - d. Is k prime?
True
Let k(a) = -8*a**3 + 13*a**2 + 24*a + 16. Let v be k(-12). Suppose v = 4*l + t - 14632, 5*l - 4*t = 37549. Is l prime?
False
Suppose -4*i + 9 = -i + 3*g, 2*i + 3*g = 7. Let z be (-3)/i*12/18. Is ((-357)/3 - 0)*z*1 a composite number?
True
Suppose 0 = -3*m - 5*o + 1092915, 5*m - 3*o = 2588698 - 767241. Is m prime?
False
Let i(z) = 4*z**3 - 2*z**2 - z + 167593. Is i(0) a composite number?
False
Suppose 50*s = 52*s - 170. Suppose -s = -5*o + 530. Is o composite?
True
Suppose 7*c = -3*c - 280. Let l be 4/(-14) - 38340/c. Let x = l - -1077. Is x composite?
True
Is 335*(-20 + 7)/65*-4751 composite?
True
Let g(s) = -7448*s**3 - 6*s**2 + s - 8. Is g(-3) a prime number?
True
Let x = 16463 + 74928. Is x a prime number?
False
Let a = 42975 - 24712. Suppose -23*k - 2784 = -a. Is k composite?
False
Let p(z) = 13*z**2 + 9*z - 27. Let q(s) = s**3 + 10*s**2 + 9*s + 7. Let m be q(-9). Is p(m) composite?
False
Suppose 7*y - 2*m - 1861104 = 5*y, 13027638 = 14*y + 4*m. Is y composite?
False
Let u(n) = -9*n**3 - 13*n**2 - 4*n - 3. Let c be u(-2). Suppose 0 = -c*q + 27*q - 13606. Is q a prime number?
True
Let m = -37 - -40. Let q(s) = 58*s**m + 56*s**3 - 113*s**3 + 14*s + 10*s**2 - 11 + 2*s. Is q(10) a prime number?
False
Suppose 0 = -66*z + 14105553 + 6665899 - 3943366. Is z a composite number?
False
Suppose 5*x = -3*i + 188143, -2*x - i + 41773 + 33485 = 0. Suppose 15*l - 24904 = x. Is l prime?
False
Let o(y) = y**3 - 3*y**2 - 4*y + 25. Let c be o(3). Suppose 35167 + 16092 = c*b. Is b a prime number?
True
Let s(b) = b**3 + 23*b**2 + 5*b + 124. Let f be s(-23). Suppose -4*o - 4*t = -f*o + 7005, o = -3*t + 1382. Is o a composite number?
True
Let q(g) be the first derivative of -5*g**2/2 - 8*g - 25. Let x be q(-2). Suppose 3076 + 6066 = x*w. Is w a prime number?
False
Let x be (-78)/(-27) + 1/9. Is 25501/x - 5/30*-4 a prime number?
True
Is 286/3718*(-1452646)/(-2) composite?
False
Let f(n) = 2*n + 3721. Let i be f(0). Suppose 5*b - 9292 = -v + i, -7805 = -3*b - 2*v. Is b prime?
False
Suppose -64*w = -60*w + 12. Is 17050/6 + (1 - (-5)/w) a composite number?
True
Suppose 0 = -63*m - m - 34*m + 13622. Is m composite?
False
Let o(w) = -9712*w - 303. Is o(-70) a prime number?
True
Is 15/(-10) - 1495*(-6851)/26 a prime number?
True
Let l(h) = -h**2 + 41*h - 219. Is l(12) a prime number?
False
Let r(f) = -f**3 - 4*f**2 - 3*f + 1. Let s be r(-3). Let w = 1696 + -1690. Is s/(w/1066) - (-4)/(-6) prime?
False
Suppose -3*l + f = -0*l + 8727, -3*l + 2*f = 8730. Let d = 4099 + l. Is d prime?
False
Let m(q) = -6*q - 43. Let b be m(-8). Suppose -j - b*z = -2*j, 0 = 4*j + z + 42. Let v = 111 - j. Is v a prime number?
False
Let w = 6013 + 3280. Is w composite?
False
Suppose -h + f + f - 4 = 0, -3*h - 4 = -4*f. Suppose -h*y + 3*g - 15 + 4 = 0, 2*y = -5*g + 27. Is (-2 + y)/((-2)/374) a prime number?
False
Suppose -10*r + 17391055 - 4746343 = 26*r. Is r a composite number?
True
Suppose -5*y = -r - 19955, 2*r + 19950 = 7*y - 2*y. Suppose -q = 2*q + 12, y = 4*a + q. Suppose 4*n - m - 3*m - 984 = 0, 4*n = m + a. Is n composite?
False
Let j = 122983 + 34530. Is j prime?
True
Let k(v) = -304*v - 1115. Is k(-43) prime?
False
Suppose -q = 19*q - 5*q. Suppose 5*s - 3*o + 8*o - 78655 = 0, q = -5*o + 20. Is s a composite number?
False
Suppose 18*u - 12*u - 1458 = 0. Let n = 130 - u. Let f = -39 - n. Is f a composite number?
True
Let f be (-23)/(-5) - 2/(-5). Let d(v) be the third derivative of -v**6/120 + v**5/15 + v**4/4 + 2*v**3/3 - 69*v**2. Is d(f) prime?
False
Let i be (-1 + 1)/(0 - 2) - -1. Let w be 2 - (i - 12/4). Suppose w = -5*m - 11, 3*h - 4*m = 69. Is h prime?
True
Let l(t) = -21 + 0*t - 3*t + 67. Let b be l(-14). Let g = b - -149. Is g composite?
True
Is (-10)/4*(-476437008)/2280 prime?
True
Let i(p) be the third derivative of 0*p - 7*p**2 + 0*p**3 + 191/60*p**5 + 0 + 0*p**4. Is i(-1) prime?
True
Let x(